{"id":37,"date":"2025-11-07T17:40:49","date_gmt":"2025-11-07T17:40:49","guid":{"rendered":"https:\/\/mcabi.itstb.edu.mx\/inicio\/?page_id=37"},"modified":"2025-11-07T17:40:49","modified_gmt":"2025-11-07T17:40:49","slug":"perfil-de-ingreso","status":"publish","type":"page","link":"https:\/\/mcabi.itstb.edu.mx\/inicio\/perfil-de-ingreso\/","title":{"rendered":"Perfil de Ingreso"},"content":{"rendered":"\n<h4 class=\"wp-block-heading has-text-align-center\">Maestr\u00eda en Ciencias de los Alimentos y Biotecnolog\u00eda<\/h4>\n\n\n\n<h4 class=\"wp-block-heading has-text-align-center\">Perfil de Ingreso<\/h4>\n\n\n\n<p>Para un correcto desarrollo en el programa de Maestr\u00eda en Ciencias de los Alimentos y Biotecnolog\u00eda son requeridos conocimientos profesionales, habilidades conductuales y valores personales, mismos que ser\u00e1n fortalecidos para el alcance de su desarrollo integral. A continuaci\u00f3n, se enlistan los requerimientos del perfil de ingreso.<\/p>\n\n\n\n<h5 class=\"wp-block-heading\">Conocimientos<\/h5>\n\n\n\n<p>Los conocimientos b\u00e1sicos requeridos incluyen los temas de las siguientes asignaturas:<\/p>\n\n\n\n<ul class=\"wp-block-list\">\n<li><strong>Qu\u00edmica Org\u00e1nica:\u00a0<\/strong>\u00e1tomos y mol\u00e9culas, isomer\u00eda, uniones covalentes, i\u00f3nicas y de coordinaci\u00f3n, m\u00e9todos de purificaci\u00f3n, an\u00e1lisis cualitativo-org\u00e1nico, f\u00f3rmula m\u00ednima y emp\u00edrica, nomenclatura de hidrocarburos, reacciones org\u00e1nicas, rupturas homol\u00edticas y heterol\u00edticas de covalencias.<\/li>\n\n\n\n<li><strong>Biolog\u00eda:\u00a0<\/strong>evoluci\u00f3n, organizaci\u00f3n, composici\u00f3n qu\u00edmica y metabolismo celular, estructura y funci\u00f3n de membranas, organ\u00e9los de doble membrana, divisi\u00f3n y ciclo celular.<\/li>\n\n\n\n<li><strong>Bioqu\u00edmica b\u00e1sica:\u00a0<\/strong>metabolismo del agua, pH y amortiguadores, qu\u00edmica de carbohidratos, l\u00edpidos, prote\u00ednas y \u00e1cidos nucleicos.<\/li>\n\n\n\n<li><strong>Matem\u00e1ticas:\u00a0<\/strong>\u00e1lgebra, ecuaciones lineales y cuadr\u00e1ticas, funciones reales, c\u00e1lculo diferencial e integral.<\/li>\n\n\n\n<li><strong>Estad\u00edstica y probabilidad:\u00a0<\/strong>probabilidad, esperanza matem\u00e1tica, distribuci\u00f3n de probabilidad, teorema de muestreo, regresi\u00f3n y correlaci\u00f3n.<\/li>\n<\/ul>\n\n\n\n<h5 class=\"wp-block-heading\">Habilidades<\/h5>\n\n\n\n<ul class=\"wp-block-list\">\n<li>Capacidad de comunicaci\u00f3n oral y escrita en lengua nativa.<\/li>\n\n\n\n<li>Comprensi\u00f3n de textos en ingl\u00e9s.<\/li>\n\n\n\n<li>Capacidad para el razonamiento verbal y num\u00e9rico.<\/li>\n\n\n\n<li>Habilidades de pensamiento (atenci\u00f3n, memoria, an\u00e1lisis, s\u00edntesis).<\/li>\n\n\n\n<li>Obtener informaci\u00f3n de forma efectiva a partir de libros y revistas especializadas.<\/li>\n\n\n\n<li>Mostrar inter\u00e9s en la Investigaci\u00f3n.<\/li>\n\n\n\n<li>Manejo de las tecnolog\u00edas de la informaci\u00f3n.<\/li>\n\n\n\n<li>Trabajo en equipo.<\/li>\n\n\n\n<li>Flexibilidad y movilidad para adaptarse a entornos cambiantes y adversos.<\/li>\n\n\n\n<li>Autocr\u00edtica.<\/li>\n<\/ul>\n\n\n\n<h5 class=\"wp-block-heading\">Valores<\/h5>\n\n\n\n<ul class=\"wp-block-list\">\n<li>\u00c9tica profesional<\/li>\n\n\n\n<li>Responsabilidad<\/li>\n\n\n\n<li>Tolerancia<\/li>\n\n\n\n<li>Respeto<\/li>\n\n\n\n<li>Curiosidad<\/li>\n\n\n\n<li>Racionalidad<\/li>\n\n\n\n<li>Iniciativa<\/li>\n\n\n\n<li>Neutralidad<\/li>\n\n\n\n<li>Creatividad<\/li>\n\n\n\n<li>Perseverancia<\/li>\n<\/ul>\n\n\n\n<h5 class=\"wp-block-heading\">Licenciaturas que pueden optar a este posgrado:<\/h5>\n\n\n\n<p><strong>Ciencias de Ingenier\u00eda:&nbsp;<\/strong>Ing. Bioqu\u00edmica, Ing. Qu\u00edmica, Ing. Industrial-Qu\u00edmica, Ing. Agroqu\u00edmica, Ing. Innovaci\u00f3n Agr\u00edcola Sustentable, Ing. en Industrias Alimentarias y afines.<\/p>\n\n\n\n<p><strong>Ciencias Qu\u00edmico-Biol\u00f3gicas:&nbsp;<\/strong>Qu\u00edmica, Licenciatura en Ciencias Qu\u00edmicas, Qu\u00edmica Agr\u00edcola, Qu\u00edmica Bacteriol\u00f3gica y Parasitol\u00f3gia, Qu\u00edmica Cl\u00ednica, Qu\u00edmica Farmac\u00e9utica, Qu\u00edmica Farmac\u00e9utica Industrial, Qu\u00edmica Biol\u00f3gica Bromatolog\u00eda, Qu\u00edmica Industrial, Biologia y \u00e1reas afines.<\/p>\n\n\n\n<p><\/p>\n","protected":false},"excerpt":{"rendered":"<p>Maestr\u00eda en Ciencias de los Alimentos y Biotecnolog\u00eda Perfil de Ingreso Para un correcto desarrollo en el programa de Maestr\u00eda en Ciencias de los Alimentos y Biotecnolog\u00eda son requeridos conocimientos profesionales, habilidades conductuales y valores personales, mismos que ser\u00e1n fortalecidos para el alcance de su desarrollo integral. A continuaci\u00f3n, se enlistan los requerimientos del perfil [&hellip;]<\/p>\n","protected":false},"author":1,"featured_media":0,"parent":0,"menu_order":0,"comment_status":"closed","ping_status":"closed","template":"","meta":{"pagelayer_contact_templates":[],"_pagelayer_content":"","footnotes":""},"class_list":["post-37","page","type-page","status-publish","hentry"],"_links":{"self":[{"href":"https:\/\/mcabi.itstb.edu.mx\/inicio\/wp-json\/wp\/v2\/pages\/37","targetHints":{"allow":["GET"]}}],"collection":[{"href":"https:\/\/mcabi.itstb.edu.mx\/inicio\/wp-json\/wp\/v2\/pages"}],"about":[{"href":"https:\/\/mcabi.itstb.edu.mx\/inicio\/wp-json\/wp\/v2\/types\/page"}],"author":[{"embeddable":true,"href":"https:\/\/mcabi.itstb.edu.mx\/inicio\/wp-json\/wp\/v2\/users\/1"}],"replies":[{"embeddable":true,"href":"https:\/\/mcabi.itstb.edu.mx\/inicio\/wp-json\/wp\/v2\/comments?post=37"}],"version-history":[{"count":2,"href":"https:\/\/mcabi.itstb.edu.mx\/inicio\/wp-json\/wp\/v2\/pages\/37\/revisions"}],"predecessor-version":[{"id":43,"href":"https:\/\/mcabi.itstb.edu.mx\/inicio\/wp-json\/wp\/v2\/pages\/37\/revisions\/43"}],"wp:attachment":[{"href":"https:\/\/mcabi.itstb.edu.mx\/inicio\/wp-json\/wp\/v2\/media?parent=37"}],"curies":[{"name":"wp","href":"https:\/\/api.w.org\/{rel}","templated":true}]}}