{"id":41,"date":"2025-11-09T06:38:19","date_gmt":"2025-11-09T06:38:19","guid":{"rendered":"https:\/\/mcabi.itstb.edu.mx\/inicio\/?page_id=41"},"modified":"2025-11-09T06:38:19","modified_gmt":"2025-11-09T06:38:19","slug":"perfil-de-egreso","status":"publish","type":"page","link":"https:\/\/mcabi.itstb.edu.mx\/inicio\/perfil-de-egreso\/","title":{"rendered":"Perfil de egreso"},"content":{"rendered":"\n<h4 class=\"wp-block-heading has-text-align-center\">Maestr\u00eda en Ciencias de los Alimentos y Biotecnolog\u00eda<\/h4>\n\n\n\n<h4 class=\"wp-block-heading has-text-align-center\">Perfil de Egreso<\/h4>\n\n\n\n<h5 class=\"wp-block-heading\">El egresado ser\u00e1 capaz de:<\/h5>\n\n\n\n<ul class=\"wp-block-list\">\n<li>\u2022 Aplicar el m\u00e9todo cient\u00edfico para el planteamiento y desarrollo de proyectos de investigaci\u00f3n innovadores, con un sentido \u00e9tico-propositivo, una actitud cr\u00edtico cient\u00edfica y con capacidad de colaboraci\u00f3n en grupos de trabajo interdisciplinario, acordes a las \u00e1reas de las Ciencias de los Alimentos y la Biotecnolog\u00eda.<\/li>\n\n\n\n<li>\u2022 Generar conocimientos a partir de la discusi\u00f3n cr\u00edtica, anal\u00edtica y ordenada de los resultados experimentales, a trav\u00e9s del uso de las diferentes t\u00e9cnicas de an\u00e1lisis en el desarrollo de trabajos de investigaci\u00f3n.<\/li>\n\n\n\n<li>\u2022 Dise\u00f1ar, desarrollar, operar y optimizar procesos para la producci\u00f3n y recuperaci\u00f3n de productos biotecnol\u00f3gicos y alimentarios.<\/li>\n\n\n\n<li>\u2022 Analizar las problem\u00e1ticas actuales del sector agroalimentario e industrial, y proponer alternativas que permitan evaluar, concebir, innovar o transferir tecnolog\u00eda, y minimizar el impacto ambiental.<\/li>\n\n\n\n<li>\u2022 Incorporarse al sector educativo en actividades de docencia e investigaci\u00f3n o al productivo en \u00e1reas relacionadas con el desarrollo, mejoramiento y optimizaci\u00f3n de procesos productivos.<\/li>\n<\/ul>\n","protected":false},"excerpt":{"rendered":"<p>Maestr\u00eda en Ciencias de los Alimentos y Biotecnolog\u00eda Perfil de Egreso El egresado ser\u00e1 capaz de:<\/p>\n","protected":false},"author":1,"featured_media":0,"parent":0,"menu_order":0,"comment_status":"closed","ping_status":"closed","template":"","meta":{"pagelayer_contact_templates":[],"_pagelayer_content":"","footnotes":""},"class_list":["post-41","page","type-page","status-publish","hentry"],"_links":{"self":[{"href":"https:\/\/mcabi.itstb.edu.mx\/inicio\/wp-json\/wp\/v2\/pages\/41","targetHints":{"allow":["GET"]}}],"collection":[{"href":"https:\/\/mcabi.itstb.edu.mx\/inicio\/wp-json\/wp\/v2\/pages"}],"about":[{"href":"https:\/\/mcabi.itstb.edu.mx\/inicio\/wp-json\/wp\/v2\/types\/page"}],"author":[{"embeddable":true,"href":"https:\/\/mcabi.itstb.edu.mx\/inicio\/wp-json\/wp\/v2\/users\/1"}],"replies":[{"embeddable":true,"href":"https:\/\/mcabi.itstb.edu.mx\/inicio\/wp-json\/wp\/v2\/comments?post=41"}],"version-history":[{"count":2,"href":"https:\/\/mcabi.itstb.edu.mx\/inicio\/wp-json\/wp\/v2\/pages\/41\/revisions"}],"predecessor-version":[{"id":44,"href":"https:\/\/mcabi.itstb.edu.mx\/inicio\/wp-json\/wp\/v2\/pages\/41\/revisions\/44"}],"wp:attachment":[{"href":"https:\/\/mcabi.itstb.edu.mx\/inicio\/wp-json\/wp\/v2\/media?parent=41"}],"curies":[{"name":"wp","href":"https:\/\/api.w.org\/{rel}","templated":true}]}}